
Let q(f) = 9*f - 101*f + 16 - 13. Let c be q(3). Let x be 0 - -2 - (c + 15/5). What is the greatest common divisor of x and 34?
34
Let u be 1/(-2)*-2 + 31. Suppose 43*i - 4*q = 48*i + 3690, 5*q + 2952 = -4*i. Let r be 112/(-6)*i/861. What is the highest common divisor of r and u?
16
Let p = 32109 - 31284. Calculate the greatest common divisor of 143 and p.
11
Let x(y) = -29*y + 8. Let w be x(-8). Let m = 93 - w. Let q = m + 165. What is the greatest common divisor of 6 and q?
6
Let f be (1/((-4)/(-92)))/(-1 - -2). Let v(h) = 4*h**3 - 13*h**2 - 18*h + 12. Let o be v(7). Calculate the greatest common factor of o and f.
23
Let t be (60 - (-1 - 0)) + (-60)/15. Suppose -2*f + 1 = -f, -3*f = -4*r + t. What is the greatest common divisor of 45 and r?
15
Let b = 45 + 25. Suppose 10*t + 127 = 547. Suppose -w = -3*j - 13, w + 3*w = 2*j + t. Calculate the highest common factor of b and w.
10
Suppose 2*p - 912 = -8*p - 2*p. Calculate the highest common divisor of 589 and p.
19
Suppose 17 + 1 = 6*v. Let l be (90/(-12))/(v*(-1)/12). What is the highest common divisor of 10 and l?
10
Let g(a) = 4*a + 12. Let x be g(-3). Suppose -3*u - 133 + 628 = x. Calculate the highest common factor of u and 15.
15
Let r be (-21 + -7)/((-5)/145). Calculate the highest common divisor of r and 952.
28
Let l = 77 - 41. Let b = -4224 - -4236. What is the highest common factor of l and b?
12
Let f(p) = 84*p + 609. Let u be f(-6). Suppose -311 = -2*m - 31. What is the greatest common divisor of u and m?
35
Let o(a) = -4*a**2 - 117*a + 17. Let u be o(0). Let j = 27 + 26. Let q = 240 - j. Calculate the highest common factor of q and u.
17
Let l = 185 + -180. Suppose 0 = -4*j + 208 + 52. Calculate the highest common factor of l and j.
5
Let h be (153/476 + 3/7)*104. Let d = 4219 + -4193. What is the greatest common factor of d and h?
26
Suppose 66*g - 11100 = 24*g - 33*g. Let c be (0 + -1)/(4/116). Let t = c + g. What is the highest common factor of t and 34?
17
Let d(j) = -j**2 - 9*j + 6. Let k = 103 - 110. Let q be d(k). Suppose -2*g = 4*r - 68, 4*r = -0*r + q. What is the highest common factor of g and 36?
12
Suppose 8*i - i = 2*i + 22305. Calculate the greatest common divisor of i and 3.
3
Let h be 11/(231/(-18)) + (-140)/(-49) - -10. Calculate the greatest common factor of h and 540.
12
Let w = -3149 + 5060. Calculate the highest common divisor of w and 26.
13
Suppose -30 = -2*w - 0. Let s = 45 + w. Let c be 5304/s - (-4)/(-10). What is the highest common factor of c and 22?
22
Suppose 8*a = a. Suppose -6*m + 18 + 462 = a. Suppose 2*c + 206 = 3*c - 3*h, -3*h - 6 = 0. What is the greatest common divisor of m and c?
40
Suppose 0 = -6*j + 102 + 48. Let v be (((-84)/5)/(-3))/(2/j). Let z = 79 + -65. Calculate the greatest common factor of z and v.
14
Let w = 3 + 0. Suppose 2*k + 16 = n, 3*k + w = -n - 1. Let l(b) = b**3 - 13*b**2 + 6*b - 62. Let m be l(13). Calculate the greatest common factor of n and m.
8
Suppose -80*n + 91*n - 63*n + 11440 = 0. What is the greatest common factor of 88 and n?
44
Let r(c) = -3*c**2 + c**3 + 3*c - c**3 - 2 + 10 - c**3 + 13*c. Let w be r(-6). Calculate the greatest common factor of 4 and w.
4
Let q = 467 - 325. Calculate the greatest common divisor of 4402 and q.
142
Suppose 5*v = g - 52, 5*v - 449 + 429 = 0. What is the highest common divisor of 11052 and g?
36
Suppose 154 = 3*b + 13*y, 5*b = 154*y - 150*y + 77. Calculate the greatest common divisor of b and 7329.
21
Suppose 4*f = b - 232, 4*f + 236 = b - f. What is the greatest common factor of 702 and b?
54
Let n = 9 - 6. Let v be (5 - n) + (1 - 0 - 0). Suppose -800 = -v*q + 2*h, -247 - 273 = -2*q + 4*h. What is the greatest common divisor of 30 and q?
30
Suppose -m - 16 = -z - 60, -4*z = 8. Let d(t) = t**2 + 188*t - 870. Let r be d(-194). What is the highest common factor of m and r?
42
Suppose -176 = -12*l + 10*l. Let u = -86 + l. Suppose 2*p + 2*g = 6*g + 316, u*p - 2*g - 318 = 0. Calculate the highest common factor of 10 and p.
10
Let u be (4 + -1 + 69)*(-8)/3. Let n = u - -621. Calculate the greatest common divisor of n and 39.
39
Let j(c) = -2*c**2 - 21*c - 19. Let n = -81 + 111. Let u = 22 - n. Let s be j(u). Calculate the greatest common factor of s and 231.
21
Let q(c) = -13*c - 27. Let w be q(0). Let v be (9/(-6))/((w/(-78))/(-3)). Calculate the highest common factor of v and 299.
13
Let d(m) = m + 2. Let g(w) = -15*w**2 + 24*w + 152. Let z(h) = 3*d(h) - g(h). Let y be z(-7). Calculate the greatest common divisor of y and 46.
46
Suppose -71659 + 26125 = -2*o + 6*f, 68241 = 3*o + 3*f. Calculate the greatest common divisor of 288 and o.
288
Let t be (70/385)/((-2)/(-154)). Calculate the greatest common factor of t and 3087.
7
Let g be (-1320)/(-90)*(357 - (-7 - -7)). Calculate the highest common factor of 84 and g.
28
Let l be ((240/14)/2)/((-16)/(-280)). Let r = l - 129. What is the highest common divisor of 91 and r?
7
Let p = 44518 + -28048. Calculate the highest common divisor of 27 and p.
27
Let g(x) = -35*x**3 + 4*x + 3. Let r be g(-2). Suppose -5*b - 235 = -2*c, 142*c = 144*c + 4*b - 208. Calculate the greatest common factor of c and r.
55
Let u(g) = -10*g - 162. Let v be u(-17). Suppose v*h - 288 = -h. Let c be (-2586)/(-27) + (-6)/(-27). Calculate the greatest common divisor of c and h.
32
Let b(a) = -a - 11. Let y be b(-5). Let w be (y/(-9))/((-3)/(-9)). Suppose w*s - 4*f = 44, 13 = 2*s - 5*f - 34. What is the greatest common factor of 48 and s?
16
Let c = -11 + 13. Let w be (-4 + c)/2 - (-866)/2. Suppose w = -6*j + 10*j. What is the greatest common factor of 12 and j?
12
Suppose 0 = 2*a + u - 9934, -36*a + 33*a = 2*u - 14900. What is the highest common divisor of a and 690?
138
Let v be 5/(-20) - (-2 + (-203)/(-4)). Let n = 11 + v. Let i = n + 47. What is the greatest common factor of i and 63?
9
Let w(b) = -6*b**2 - 243*b + 186. Let j be w(-41). Calculate the greatest common divisor of 7 and j.
7
Let q(z) = z + 15. Let n be q(6). Let m = n + -35. Let u be (-1 - -5)/((m/8)/(-7)). Calculate the greatest common divisor of u and 48.
16
Let n(w) = -8*w**3 - 18*w**2 - 3*w - 15. Let t be n(-4). Calculate the greatest common divisor of t and 949.
13
Suppose 5*y - 106 = 4*n, -2*n - 8 + 0 = 0. Let m be (1 - 0)*-4*(-5 + 1). Let z = m - 4. Calculate the highest common factor of z and y.
6
Let z(o) = o + 19. Let s be z(-13). Suppose 10 = -4*d + s*d. Suppose -d*a - 1 + 301 = 0. Calculate the greatest common divisor of a and 20.
20
Let j(u) = u**2 - 556*u - 5072. Let t be j(-9). What is the highest common divisor of 17173 and t?
13
Suppose -8*n = -4*n + 4*f + 80, -4*f - 8 = 0. Let y(z) = z**3 + 19*z**2 + 19*z + 35. Let t be y(n). What is the highest common divisor of 153 and t?
17
Let n be (12/18)/(-1 + (-154)/(-150)). Suppose -n*w + 243 = -157. Let o be 2/(-3) + (-1928)/(-12). What is the highest common factor of o and w?
16
Let b(g) = g**3 - 10*g**2 - 23*g - 8. Let k be b(12). Suppose -q + 2*r + 52 = 0, -235 + 17 = -k*q - 2*r. Calculate the greatest common divisor of q and 24.
6
Suppose -4*a - 6 = -7*a. Let v(p) = 182*p**3 - 2*p**2 + p. Let r be v(a). Let w be (0 - 2)*r/(-20). What is the greatest common factor of 58 and w?
29
Suppose 112*a - 1142 - 2525 - 2493 = 0. What is the highest common divisor of a and 9031?
11
Let a(q) = 7*q + 2. Let j be a(-4). Let t be (j/4 + 5)*(-100)/6. Let h = 40 - t. What is the greatest common factor of h and 105?
15
Suppose -4*k - 2274 = -2306. What is the highest common factor of 2248 and k?
8
Suppose -20*b - 9405 + 36905 = 0. Calculate the greatest common divisor of 44 and b.
11
Let p = 2934 + -2378. What is the highest common factor of p and 16?
4
Suppose -16*m + m = -33840. What is the highest common factor of m and 64?
16
Let i be (-3)/2*(-112)/6. Let f(c) = 2*c**3 - 22*c**2 - 21*c + 247. Let d be f(11). Calculate the greatest common factor of d and i.
4
Let z(p) = -113*p - 1033. Let g be z(-10). Let u(j) = j**3 + 5*j**2 + 4*j + 1. Let d be u(-4). What is the highest common divisor of d and g?
1
Let d be (2 + 17/(-3) - -2)*(-135)/25. Calculate the greatest common factor of 255 and d.
3
Let w(z) = -3*z**2 - 48*z**3 + 19*z**3 + 78 - 21*z**3 - 2*z - 79. Let h be w(-1). Calculate the greatest common divisor of 12 and h.
12
Let k be -2*(4 + 2)*(6 - 2